{"id":487,"date":"2023-02-21T22:16:38","date_gmt":"2023-02-21T21:16:38","guid":{"rendered":"https:\/\/www.1pasdeplus.fr\/?page_id=487"},"modified":"2024-11-27T13:33:39","modified_gmt":"2024-11-27T12:33:39","slug":"487-2","status":"publish","type":"page","link":"https:\/\/www.1pasdeplus.fr\/index.php\/487-2\/","title":{"rendered":"CONTACT"},"content":{"rendered":"<p>[et_pb_section fb_built=\u00a0\u00bb1&Prime; disabled_on=\u00a0\u00bboff|off|off\u00a0\u00bb admin_label=\u00a0\u00bbAbout\u00a0\u00bb _builder_version=\u00a0\u00bb4.16&Prime; custom_padding=\u00a0\u00bb62px||1px|||\u00a0\u00bb locked=\u00a0\u00bboff\u00a0\u00bb global_colors_info=\u00a0\u00bb{}\u00a0\u00bb][et_pb_row column_structure=\u00a0\u00bb2_5,3_5&Prime; _builder_version=\u00a0\u00bb4.17.6&Prime; _module_preset=\u00a0\u00bbdefault\u00a0\u00bb global_colors_info=\u00a0\u00bb{}\u00a0\u00bb][et_pb_column type=\u00a0\u00bb2_5&Prime; _builder_version=\u00a0\u00bb4.17.6&Prime; _module_preset=\u00a0\u00bbdefault\u00a0\u00bb global_colors_info=\u00a0\u00bb{}\u00a0\u00bb][et_pb_image src=\u00a0\u00bbhttps:\/\/www.1pasdeplus.fr\/wp-content\/uploads\/2024\/06\/V4_Fevrier24_LOGO-scaled.jpg\u00a0\u00bb title_text=\u00a0\u00bbV4_Fevrier24_LOGO\u00a0\u00bb align=\u00a0\u00bbcenter\u00a0\u00bb _builder_version=\u00a0\u00bb4.17.6&Prime; _module_preset=\u00a0\u00bbdefault\u00a0\u00bb width=\u00a0\u00bb50%\u00a0\u00bb min_height=\u00a0\u00bb31.4px\u00a0\u00bb custom_padding=\u00a0\u00bb||0px|||\u00a0\u00bb global_colors_info=\u00a0\u00bb{}\u00a0\u00bb][\/et_pb_image][\/et_pb_column][et_pb_column type=\u00a0\u00bb3_5&Prime; _builder_version=\u00a0\u00bb4.17.6&Prime; _module_preset=\u00a0\u00bbdefault\u00a0\u00bb global_colors_info=\u00a0\u00bb{}\u00a0\u00bb][et_pb_testimonial author=\u00a0\u00bbUne citation de Lao-Tseu.\u00a0\u00bb job_title=\u00a0\u00bbUn voyage de mille lieues commence toujours par un premier pas. \u00a0\u00bb portrait_url=\u00a0\u00bbdata:image\/svg+xml;base64,PHN2ZyB3aWR0aD0iNTAwIiBoZWlnaHQ9IjUwMCIgdmlld0JveD0iMCAwIDUwMCA1MDAiIHhtbG5zPSJodHRwOi8vd3d3LnczLm9yZy8yMDAwL3N2ZyI+CiAgICA8ZyBmaWxsPSJub25lIiBmaWxsLXJ1bGU9ImV2ZW5vZGQiPgogICAgICAgIDxwYXRoIGZpbGw9IiNFQkVCRUIiIGQ9Ik0wIDBoNTAwdjUwMEgweiIvPgogICAgICAgIDxyZWN0IGZpbGwtb3BhY2l0eT0iLjEiIGZpbGw9IiMwMDAiIHg9IjY4IiB5PSIzMDUiIHdpZHRoPSIzNjQiIGhlaWdodD0iNTY4IiByeD0iMTgyIi8+CiAgICAgICAgPGNpcmNsZSBmaWxsLW9wYWNpdHk9Ii4xIiBmaWxsPSIjMDAwIiBjeD0iMjQ5IiBjeT0iMTcyIiByPSIxMDAiLz4KICAgIDwvZz4KPC9zdmc+Cg==\u00a0\u00bb _builder_version=\u00a0\u00bb4.17.6&Prime; _module_preset=\u00a0\u00bbdefault\u00a0\u00bb global_colors_info=\u00a0\u00bb{}\u00a0\u00bb][\/et_pb_testimonial][\/et_pb_column][\/et_pb_row][et_pb_row column_structure=\u00a0\u00bb1_2,1_2&Prime; _builder_version=\u00a0\u00bb4.16&Prime; _module_preset=\u00a0\u00bbdefault\u00a0\u00bb global_colors_info=\u00a0\u00bb{}\u00a0\u00bb][et_pb_column type=\u00a0\u00bb1_2&Prime; _builder_version=\u00a0\u00bb4.16&Prime; _module_preset=\u00a0\u00bbdefault\u00a0\u00bb global_colors_info=\u00a0\u00bb{}\u00a0\u00bb][et_pb_text _builder_version=\u00a0\u00bb4.16&Prime; _module_preset=\u00a0\u00bbdefault\u00a0\u00bb text_text_color=\u00a0\u00bb#000000&Prime; text_font_size=\u00a0\u00bb18px\u00a0\u00bb text_line_height=\u00a0\u00bb1.8em\u00a0\u00bb custom_padding=\u00a0\u00bb2px||0px|||\u00a0\u00bb global_colors_info=\u00a0\u00bb{}\u00a0\u00bb]<\/p>\n<h2 style=\"text-align: justify;\"><strong><span style=\"color: #0c54c9;\">Mon approche de l&rsquo;accompagnement<\/span>\u00a0<\/strong><\/h2>\n<p style=\"text-align: justify;\">Permettre \u00e0 la personne que j&rsquo;accompagne de d\u00e9finir son objectif, identifier les moyens qui la rendront plus autonome dans ses choix, de lui permettre de comprendre et de trouver quelle activit\u00e9 lui donnera de l\u2019\u00e9nergie, o\u00f9 elle se sentira l\u00e9gitime, \u00e0 sa place. Voil\u00e0 un m\u00e9tier de rencontre, o\u00f9 curiosit\u00e9 et bienveillance font mutuellement grandir l\u2019accompagner et l\u2019accompagnant.<\/p>\n<p style=\"text-align: justify;\">Rendre du pouvoir d\u2019agir \u00e0 la personne accompagn\u00e9e, en lui permettant de faire un point r\u00e9aliste sur ses capacit\u00e9s, ses comp\u00e9tences afin de s\u2019\u00e9panouir dans d&rsquo;autres domaines qui pourraient lui convenir. L&rsquo;accompagner dans ses choix et sa reconversion, voil\u00e0 ce qui m&rsquo;anime d\u2019une \u00e9nergie bienveillante.<\/p>\n<p>[\/et_pb_text][\/et_pb_column][et_pb_column type=\u00a0\u00bb1_2&Prime; _builder_version=\u00a0\u00bb4.17.6&Prime; _module_preset=\u00a0\u00bbdefault\u00a0\u00bb global_colors_info=\u00a0\u00bb{}\u00a0\u00bb][et_pb_text _builder_version=\u00a0\u00bb4.17.6&Prime; _module_preset=\u00a0\u00bbdefault\u00a0\u00bb custom_margin=\u00a0\u00bb|5px||5px|false|false\u00a0\u00bb custom_padding=\u00a0\u00bb|20px||20px|false|false\u00a0\u00bb border_radii=\u00a0\u00bbon|1px|1px|1px|1px\u00a0\u00bb border_width_all=\u00a0\u00bb1px\u00a0\u00bb border_color_all=\u00a0\u00bb#0C71C3&Prime; box_shadow_style=\u00a0\u00bbpreset3&Prime; global_colors_info=\u00a0\u00bb{}\u00a0\u00bb]<\/p>\n<table border=\"0\" style=\"border-collapse: collapse; width: 100%;\">\n<tbody>\n<tr>\n<td style=\"width: 50%;\"><img loading=\"lazy\" decoding=\"async\" src=\"https:\/\/www.1pasdeplus.fr\/wp-content\/uploads\/2023\/03\/Jacques_RODRIGUEZ-200x300.jpg\" width=\"200\" height=\"300\" alt=\"\" class=\"wp-image-618 alignnone size-medium\" style=\"display: block; margin-left: auto; margin-right: auto;\" \/><\/td>\n<td style=\"width: 50%; text-align: justify;\">De formation commerciale (<strong>BTS Action Commerciale<\/strong> obtenu en 2000) doubl\u00e9 d\u2019une licence dans le num\u00e9rique (<strong>Licence ATI2<\/strong> obtenu en 2023) \u00e0 l\u2019IUT de St Etienne je me sp\u00e9cialise premi\u00e8rement dans le e-commerce, auto-entrepreneur dans la cr\u00e9ation de sites web, et formateur en informatique durant 10 ans.<\/td>\n<\/tr>\n<\/tbody>\n<\/table>\n<p style=\"text-align: justify;\">Je reprends des \u00e9tudes : un <strong>Master 2 \u00ab\u00a0Ing\u00e9nierie et fonctions d\u2019accompagnement\u00a0\u00bb<\/strong> obtenu en 2019\u00a0avec \u00ab\u00a0Mention Bien\u00a0\u00bb \u00e0 l\u2019universit\u00e9 de Tours.<\/p>\n<p style=\"text-align: justify;\">En 2020 je compl\u00e8te ma formation th\u00e9orique et valide une\u00a0<strong>certification RNCP de coach professionnel.<\/strong> Je me sp\u00e9cialise dans un premier temps dans l\u2019accompagnement \u00ab\u00a0Bilan de comp\u00e9tences\u00a0\u00bb puis je me forme et est certifi\u00e9 pour faire passer et rendre compte des tests comportementaux \u00ab\u00a0DISC\u00a0\u00bb et \u00ab\u00a0Forces Motrices\u00a0\u00bb.<\/p>\n<p>[\/et_pb_text][\/et_pb_column][\/et_pb_row][\/et_pb_section][et_pb_section fb_built=\u00a0\u00bb1&Prime; _builder_version=\u00a0\u00bb4.17.6&Prime; _module_preset=\u00a0\u00bbdefault\u00a0\u00bb global_colors_info=\u00a0\u00bb{}\u00a0\u00bb][et_pb_row column_structure=\u00a0\u00bb1_2,1_2&Prime; _builder_version=\u00a0\u00bb4.17.6&Prime; _module_preset=\u00a0\u00bbdefault\u00a0\u00bb box_shadow_style=\u00a0\u00bbpreset1&Prime; box_shadow_color=\u00a0\u00bb#0C71C3&Prime; global_colors_info=\u00a0\u00bb{}\u00a0\u00bb][et_pb_column type=\u00a0\u00bb1_2&Prime; _builder_version=\u00a0\u00bb4.17.6&Prime; _module_preset=\u00a0\u00bbdefault\u00a0\u00bb global_colors_info=\u00a0\u00bb{}\u00a0\u00bb][et_pb_text _builder_version=\u00a0\u00bb4.17.6&Prime; _module_preset=\u00a0\u00bbdefault\u00a0\u00bb text_font=\u00a0\u00bb||||||||\u00a0\u00bb custom_padding=\u00a0\u00bb||0px|||\u00a0\u00bb box_shadow_style=\u00a0\u00bbpreset2&Prime; global_colors_info=\u00a0\u00bb{}\u00a0\u00bb]<\/p>\n<h1 style=\"text-align: center;\"><strong><span style=\"color: #0000ff;\"><\/span><\/strong><\/h1>\n<h1 style=\"text-align: center;\"><strong><span style=\"color: #0000ff;\">Contact :<\/span><\/strong><\/h1>\n<p><strong><span style=\"color: #0000ff;\"><\/span><\/strong><\/p>\n<p><strong><span style=\"color: #0000ff;\"><\/span><\/strong><\/p>\n<p><strong><span style=\"color: #0000ff;\"><\/span><\/strong><\/p>\n<p><span style=\"font-family: Arimo;\"><strong><span style=\"color: #000000;\">\u00a0 \u00a0 \u00a0 \u00a0 \u00a0 \u00a0 \u00a0 &#8211; <span style=\"font-size: large;\"><span style=\"font-size: 18px; font-weight: bold;\">T\u00e9lephone :<\/span><\/span><\/span><\/strong>\u00a0<span style=\"font-size: 22px; color: #000000;\"><span style=\"font-size: large;\"><span style=\"font-size: 18px; font-weight: bold;\"><\/span><\/span><\/span><span style=\"font-size: 30px; color: #000000;\"><span style=\"font-size: large;\"><span style=\"font-size: 18px; font-weight: bold;\">06 07 74 52 27<\/span><\/span><\/span><\/span><span style=\"font-family: Arimo;\"><span style=\"font-size: 30px; color: #000000;\"><span style=\"font-size: large;\"><span style=\"font-size: 18px; font-weight: bold;\"><\/span><\/span><\/span><\/span><\/p>\n<p><span style=\"font-family: Arimo;\"><em><span style=\"font-size: 30px; color: #000000;\"><span style=\"font-size: large;\"><span style=\"font-size: 18px; font-weight: bold;\"><\/span><\/span><\/span><\/em><\/span><span style=\"font-family: Arimo;\"><span style=\"color: #000000;\"><span style=\"font-size: large;\"><span style=\"font-size: 18px; font-weight: bold;\">\u00a0 \u00a0 \u00a0 \u00a0 \u00a0 \u00a0&#8211; E-mail : contact@1pasdeplus.fr<\/span><\/span><\/span><\/span><\/p>\n<p><span style=\"font-family: Arimo;\"><em><\/em><\/span><span style=\"color: #000000;\"><strong>\u00a0 \u00a0 \u00a0 \u00a0 \u00a0 \u00a0 \u00a0 &#8211; <span style=\"font-family: Arimo;\"><span style=\"font-size: large;\"><span style=\"font-size: 18px; font-weight: bold;\">Adresse : <\/span><\/span><\/span><\/strong><\/span><\/p>\n<p><span style=\"font-size: 17px; font-weight: bold; color: #000000;\">\u00a0 \u00a0 \u00a0 \u00a0 \u00a0 \u00a0 \u00a0 \u00a0 \u00a0 \u00a0 32 rue Martin Bernard<\/span><\/p>\n<p><span style=\"font-size: 17px; font-weight: bold; color: #000000;\">\u00a0 \u00a0 \u00a0 \u00a0 \u00a0 \u00a0 \u00a0 \u00a0 \u00a0 \u00a0 42600 MONTBRISON<\/span><\/p>\n<p><span style=\"font-size: 17px; font-weight: bold; color: #000000;\"><\/span><\/p>\n<p>[\/et_pb_text][\/et_pb_column][et_pb_column type=\u00a0\u00bb1_2&Prime; _builder_version=\u00a0\u00bb4.17.6&Prime; _module_preset=\u00a0\u00bbdefault\u00a0\u00bb global_colors_info=\u00a0\u00bb{}\u00a0\u00bb][et_pb_code _builder_version=\u00a0\u00bb4.17.6&Prime; _module_preset=\u00a0\u00bbdefault\u00a0\u00bb global_colors_info=\u00a0\u00bb{}\u00a0\u00bb]<iframe src=\"https:\/\/www.google.com\/maps\/embed?pb=!1m18!1m12!1m3!1d2791.1047612434118!2d4.062713915503649!3d45.608538679102985!2m3!1f0!2f0!3f0!3m2!1i1024!2i768!4f13.1!3m3!1m2!1s0x47f4315e7c4ff8f7%3A0x1397325513986d7d!2s32%20Rue%20Martin%20Bernard%2C%2042600%20Montbrison!5e0!3m2!1sfr!2sfr!4v1664561915304!5m2!1sfr!2sfr\" width=\"600\" height=\"450\" style=\"border:0;\" allowfullscreen=\"\" loading=\"lazy\" referrerpolicy=\"no-referrer-when-downgrade\"><\/iframe>[\/et_pb_code][\/et_pb_column][\/et_pb_row][\/et_pb_section]<\/p>\n","protected":false},"excerpt":{"rendered":"<p>Mon approche de l&rsquo;accompagnement\u00a0 Permettre \u00e0 la personne que j&rsquo;accompagne de d\u00e9finir son objectif, identifier les moyens qui la rendront plus autonome dans ses choix, de lui permettre de comprendre et de trouver quelle activit\u00e9 lui donnera de l\u2019\u00e9nergie, o\u00f9 elle se sentira l\u00e9gitime, \u00e0 sa place. Voil\u00e0 un m\u00e9tier de rencontre, o\u00f9 curiosit\u00e9 et [&hellip;]<\/p>\n","protected":false},"author":1,"featured_media":0,"parent":0,"menu_order":0,"comment_status":"closed","ping_status":"closed","template":"","meta":{"_et_pb_use_builder":"on","_et_pb_old_content":"","_et_gb_content_width":"","footnotes":""},"class_list":["post-487","page","type-page","status-publish","hentry"],"_links":{"self":[{"href":"https:\/\/www.1pasdeplus.fr\/index.php\/wp-json\/wp\/v2\/pages\/487","targetHints":{"allow":["GET"]}}],"collection":[{"href":"https:\/\/www.1pasdeplus.fr\/index.php\/wp-json\/wp\/v2\/pages"}],"about":[{"href":"https:\/\/www.1pasdeplus.fr\/index.php\/wp-json\/wp\/v2\/types\/page"}],"author":[{"embeddable":true,"href":"https:\/\/www.1pasdeplus.fr\/index.php\/wp-json\/wp\/v2\/users\/1"}],"replies":[{"embeddable":true,"href":"https:\/\/www.1pasdeplus.fr\/index.php\/wp-json\/wp\/v2\/comments?post=487"}],"version-history":[{"count":21,"href":"https:\/\/www.1pasdeplus.fr\/index.php\/wp-json\/wp\/v2\/pages\/487\/revisions"}],"predecessor-version":[{"id":811,"href":"https:\/\/www.1pasdeplus.fr\/index.php\/wp-json\/wp\/v2\/pages\/487\/revisions\/811"}],"wp:attachment":[{"href":"https:\/\/www.1pasdeplus.fr\/index.php\/wp-json\/wp\/v2\/media?parent=487"}],"curies":[{"name":"wp","href":"https:\/\/api.w.org\/{rel}","templated":true}]}}